?
9
What is the tens digit of 9058363?
6
What is the millions digit of 33666895?
3
What is the thousands digit of 968575308?
5
What is the units digit of 1743314120?
0
What is the ten millions digit of 57254173?
5
What is the ten thousands digit of 72788447?
8
What is the tens digit of 23975009?
0
What is the hundreds digit of 510237956?
9
What is the ten thousands digit of 464423012?
2
What is the units digit of 778451609?
9
What is the ten thousands digit of 81691020?
9
What is the tens digit of 136896070?
7
What is the tens digit of 81040996?
9
What is the millions digit of 484439944?
4
What is the ten thousands digit of 8567086?
6
What is the hundred thousands digit of 7701204?
7
What is the units digit of 48844692?
2
What is the millions digit of 20752193?
0
What is the units digit of 7349297?
7
What is the ten millions digit of 1199631084?
9
What is the billions digit of 1463971390?
1
What is the hundreds digit of 223709664?
6
What is the thousands digit of 2042710548?
0
What is the thousands digit of 3840876647?
6
What is the thousands digit of 3280168967?
8
What is the hundreds digit of 101727528?
5
What is the ten millions digit of 3125343486?
2
What is the units digit of 9327182?
2
What is the thousands digit of 1136177678?
7
What is the hundred millions digit of 713362042?
7
What is the hundreds digit of 41536387?
3
What is the ten millions digit of 2277453489?
7
What is the ten thousands digit of 662035559?
3
What is the hundreds digit of 1672723109?
1
What is the hundred thousands digit of 6430597?
4
What is the ten millions digit of 298280271?
9
What is the hundreds digit of 1622729837?
8
What is the hundred millions digit of 1294048918?
2
What is the tens digit of 4428682909?
0
What is the ten thousands digit of 498114272?
1
What is the hundred thousands digit of 68201883?
2
What is the thousands digit of 1331126517?
6
What is the units digit of 25975503?
3
What is the thousands digit of 3467537?
7
What is the tens digit of 39495609?
0
What is the millions digit of 104859953?
4
What is the hundreds digit of 6512110?
1
What is the thousands digit of 64738517?
8
What is the units digit of 131749080?
0
What is the millions digit of 1886159801?
6
What is the tens digit of 41285924?
2
What is the hundreds digit of 7767959?
9
What is the hundreds digit of 2113557916?
9
What is the thousands digit of 5781785550?
5
What is the hundred thousands digit of 1865835209?
8
What is the hundred millions digit of 103329948?
1
What is the hundred millions digit of 244403647?
2
What is the hundred millions digit of 633401127?
6
What is the units digit of 274591865?
5
What is the ten millions digit of 71783406?
7
What is the hundred millions digit of 6097813716?
0
What is the thousands digit of 958747770?
7
What is the tens digit of 43431750?
5
What is the thousands digit of 123125182?
5
What is the units digit of 357334323?
3
What is the tens digit of 84136826?
2
What is the tens digit of 2637379341?
4
What is the tens digit of 2040216793?
9
What is the millions digit of 58418432?
8
What is the thousands digit of 36739902?
9
What is the thousands digit of 80104554?
4
What is the ten millions digit of 40837379?
4
What is the ten millions digit of 35580508?
3
What is the hundred millions digit of 6604692678?
6
What is the hundred millions digit of 427370372?
4
What is the units digit of 151238665?
5
What is the ten thousands digit of 217687225?
8
What is the thousands digit of 181109157?
9
What is the hundred thousands digit of 1366105405?
1
What is the thousands digit of 2840397666?
7
What is the units digit of 2571347201?
1
What is the hundred millions digit of 1101086417?
1
What is the thousands digit of 50580309?
0
What is the tens digit of 67590347?
4
What is the hundreds digit of 288967800?
8
What is the units digit of 1774780519?
9
What is the thousands digit of 180805580?
5
What is the millions digit of 9637963?
9
What is the billions digit of 4300265989?
4
What is the units digit of 916666338?
8
What is the hundreds digit of 79847959?
9
What is the millions digit of 341023709?
1
What is the ten thousands digit of 367384519?
8
What is the hundred millions digit of 153398509?
1
What is the hundred thousands digit of 91199649?
1
What is the hundreds digit of 2223667504?
5
What is the thousands digit of 46621656?
1
What is the thousands digit of 303747436?
7
What is the ten thousands digit of 46480293?
8
What is the hundred thousands digit of 1721193901?
1
What is the ten thousands digit of 649929076?
2
What is the hundreds digit of 552395560?
5
What is the hundreds digit of 22706600?
6
What is the ten thousands digit of 100774307?
7
What is the ten thousands digit of 141767786?
6
What is the tens digit of 3980595129?
2
What is the tens digit of 704522899?
9
What is the tens digit of 592636064?
6
What is the ten millions digit of 587979346?
8
What is the thousands digit of 104380879?
0
What is the ten thousands digit of 403598943?
9
What is the hundreds digit of 186934163?
1
What is the units digit of 1204443518?
8
What is the hundred millions digit of 6352666446?
3
What is the ten thousands digit of 44688152?
8
What is the ten thousands digit of 8412401?
1
What is the hundreds digit of 2083481099?
0
What is the thousands digit of 918672390?
2
What is the millions digit of 1726755624?
6
What is the tens digit of 114738312?
1
What is the millions digit of 575630708?
5
What is the ten thousands digit of 472346363?
4
What is the hundred thousands digit of 426174690?
1
What is the hundred millions digit of 451781741?
4
What is the ten thousands digit of 1242652430?
5
What is the units digit of 235611492?
2
What is the ten millions digit of 34353949?
3
What is the hundred thousands digit of 265790112?
7
What is the ten thousands digit of 2238474098?
7
What is the millions digit of 58692289?
8
What is the tens digit of 50858360?
6
What is the tens digit of 184411097?
9
What is the thousands digit of 5016977?
6
What is the ten millions digit of 52185853?
5
What is the ten millions digit of 48295806?
4
What is the ten millions digit of 61720751?
6
What is the hundreds digit of 5184531496?
4
What is the millions digit of 742624446?
2
What is the millions digit of 908685385?
8
What is the hundreds digit of 1335971933?
9
What is the units digit of 404276102?
2
What is the ten millions digit of 6848822159?
4
What is the hundreds digit of 192259564?
5
What is the ten thousands digit of 12052696?
5
What is the tens digit of 32596701?
0
What is the hundred thousands digit of 1617118545?
1
What is the thousands digit of 128880023?
0
What is the units digit of 4812290655?
5
What is the millions digit of 7159875?
7
What is the tens digit of 823780?
8
What is the tens digit of 574695690?
9
What is the tens digit of 798611860?
6
What is the ten thousands digit of 2267467191?
6
What is the ten millions digit of 755377935?
5
What is the hundred thousands digit of 763975697?
9
What is the hundred millions digit of 500286723?
5
What is the hundred millions digit of 170073844?
1
What is the ten thousands digit of 946179618?
7
What is the ten thousands digit of 305927274?
2
What is the ten thousands digit of 78597856?
9
What is the ten thousands digit of 110105372?
0
What is the ten millions digit of 511584327?
1
What is the hundreds digit of 45676804?
8
What is the hundred millions digit of 277913209?
2
What is the ten millions digit of 35420899?
3
What is the hundreds digit of 173889566?
5
What is the ten thousands digit of 8749999?
4
What is the hundreds digit of 838652778?
7
What is the billions digit of 3322648456?
3
What is the units digit of 6279938374?
4
What is the thousands digit of 2622860056?
0
What is the ten thousands digit of 237248719?
4
What is the thousands digit of 415855343?
5
What is the units digit of 845542946?
6
What is the ten thousands digit of 2551151396?
5
What is the millions digit of 430739298?
0
What is the hundred thousands digit of 1229069390?
0
What is the ten millions digit of 1776067392?
7
What is the hundred thousands digit of 423852053?
8
What is the millions digit of 86727399?
6
What is the hundreds digit of 241837019?
0
What is the thousands digit of 925639496?
9
What is the hundred thousands digit of 4180667827?
6
What is th